uppose o + 5 = 3. Let s(q) = -5*q - 5. What is the units digit of s(o)?
5
Suppose 2*p + 2*p = 16. Let h = p - 9. Let u = -3 - h. What is the units digit of u?
2
Let p(j) = 4*j**2 - 3*j**2 - 4 + 8*j - 6*j + 5*j. Let c be p(-7). What is the units digit of 469/91 + c/26?
5
Suppose -2*z - 5*p + 243 = 0, -2*p + 474 = 4*z - 4*p. What is the units digit of z?
9
Let g be (-586)/7 + 4/(-14). Let k = -57 - g. What is the tens digit of k?
2
Let d(n) = -n**2 + 6*n - 4. Let b be d(5). Let m(g) = -g + 6. Let h(y) = y - 1. Let c(w) = b*h(w) - m(w). What is the units digit of c(5)?
3
Let m be (-2)/(-9) + 1479/27. Suppose 2*d = -3*d + m. What is the units digit of d?
1
Let p(c) = 2*c - 1. Let v(q) = 5*q - 4. Let g(y) = -8*p(y) + 3*v(y). Let j be 2*(-4)/4*3. What is the units digit of g(j)?
2
What is the tens digit of ((-13)/(-4))/(1/56)?
8
Let y be 1/((-2)/(-2 - 4)). Suppose -15 = -3*q - y*l, -4*q + l + 4 = -3*l. What is the units digit of q?
3
Suppose -w + 80 = 2*w + 4*z, 3*w + 2*z = 82. What is the units digit of w + 5 + -2 + 0?
1
Suppose 5*x = -3*d + 10, 0 = -3*x - x + d + 8. Let c(l) = x - 2 + l**3 + l**2. What is the tens digit of c(2)?
1
Let t = 6 + -8. Let d be 1/(t/4) + 2. Let r = 1 + d. What is the units digit of r?
1
Suppose -3*k + 11 = 32. Let o = k - -14. Suppose -l + o = -7. What is the tens digit of l?
1
Suppose 5*y = -2*b + 94, -b = -5*y - 0*y + 103. Let u = 28 - y. What is the units digit of u?
8
Let x(m) = -3*m**3 - m**2 + m + 1. Let v be x(-1). Let w(r) be the first derivative of 2*r**3/3 - r**2/2 - r + 11. What is the units digit of w(v)?
5
Suppose d + 3 = 2*d. Let w(q) = 2*q**3 - 5*q**2 + 3*q - 3. Let j be w(d). Suppose 2*x + 3*x = j. What is the units digit of x?
3
Let a(b) = 2*b + 2. Let r be a(-6). Let p be (4/(-8))/(2/(-68)). Let g = r + p. What is the units digit of g?
7
Suppose -5*i + 237 = -3*l, -l + 3 = 2*l. Let j = i + -34. Suppose 2*f = -v - 3*v + 28, -5*f + 4*v + j = 0. What is the units digit of f?
6
Suppose 0 = 5*c + c - 876. What is the units digit of c?
6
Let h(x) = 2*x**2 + x + 1. Let o be h(-1). Suppose o*i - 12 = 4*z, -2*i = 2*z - 6 - 0. What is the units digit of i?
4
Let c = -5 - -14. Suppose -t - 2*j - c = 0, -3*t - 2*j = 2*t + 5. Let k = t + 1. What is the units digit of k?
2
Let p(i) = i**3 + 13*i**2 + 14*i - 17. What is the tens digit of p(-11)?
7
Suppose 3*z - 7*z = 0. Let h(c) = 2*c**3 - 6*c + z*c + 7*c**2 - 3*c**3 + 1. What is the units digit of h(6)?
1
Suppose -3*y + 4 - 2 = -f, 0 = f - 5*y + 6. Let q be 10/4 + (-2)/(-4). Suppose 2*u - 9 = g - 6*g, f*g = -q*u + 17. What is the units digit of u?
7
Suppose n - 3*n - 6 = 0. What is the units digit of ((-8)/3)/(1/n)?
8
Suppose -40 = -3*p - 7. Suppose p*l - 9*l = 4. What is the units digit of l?
2
Let d(c) = c - 4*c + c**2 + 3*c**3 - 2*c**3 - 2. Let b be d(-2). Suppose -4*v + 0*v + 28 = b. What is the units digit of v?
7
Let s(j) = j**2 - j + 3. Let h be s(0). Suppose -6 = h*a - 24. What is the units digit of a?
6
What is the tens digit of (-6519)/(-21) + (36/14)/(-6)?
1
Let r = 12 - 1. Let o = r - -6. What is the units digit of o?
7
Suppose 0 = 3*q + 2*q - 20. Suppose 36 = q*m - 4*n, -n = -4*m + 4*n + 36. What is the units digit of m?
9
Let b(p) = -p + 10. Let z be b(5). Suppose -87 = z*n + 28. Let d = n + 37. What is the tens digit of d?
1
Suppose -8*z = -1083 + 139. What is the tens digit of z?
1
Let s = -6 - -7. Let k = -1 + s. Suppose 0*r + 5*r - 80 = k. What is the tens digit of r?
1
Suppose s - 3*s - 20 = 0. Let g = 14 + s. What is the units digit of g?
4
Suppose 4*g - 122 = 702. What is the hundreds digit of g?
2
Let h(f) = -f**2 - 10*f - 9. What is the units digit of h(-8)?
7
What is the units digit of (-12)/(-3) - (2 - 1)?
3
Suppose 0 = -2*r + 23 - 7. Let j = 10 - r. Suppose j*p + 3*k = k + 6, -p - 2*k = -5. What is the units digit of p?
1
Let l = 41 + -29. Suppose 0 = 3*d - 15, -l + 2 = k - 2*d. What is the units digit of (2/(-4) + k)*-18?
9
What is the units digit of (-3 - -2)/((-1)/33)?
3
Suppose -25 = 5*p + 2*g, -2*p - 4*g + 2 = -4. Let y(i) be the first derivative of -i**4/4 - 7*i**3/3 - i**2 - 6*i + 5. What is the units digit of y(p)?
8
Suppose 20*z - 1157 = 2403. What is the tens digit of z?
7
Let n(a) = -a**2 - 9*a - 10. What is the units digit of n(-6)?
8
Let w(a) = 5*a**2 + 10*a - 4*a**2 - 3*a. What is the units digit of w(-9)?
8
Let w be (-2)/10 + (-1374)/30. Let y = -22 - w. What is the tens digit of y?
2
Suppose -4*g = 34 - 2. Let s(w) = -w**3 - 3*w**2 + 2*w + 4. Let c(k) = 3*k**3 + 8*k**2 - 7*k - 12. Let m(y) = g*s(y) - 3*c(y). What is the tens digit of m(-3)?
1
Suppose 4*j - 2*t = 8, -3*t - 10 = 5*j + 2. Suppose 3*i + 5*z - 133 = 0, 2*i + j*z = z + 67. What is the units digit of i?
6
What is the hundreds digit of ((-233)/(-3))/(4 - (-22)/(-6))?
2
Suppose -4*r + 5*f - 16 = 9, -4*f + 20 = r. Suppose r = -4*l + 11 - 3. What is the units digit of l?
2
Let j be (-3)/((-9)/42)*2. Let t = -8 + 14. Suppose 5*g - 4*y = j, 2*g + g + 3*y = t. What is the units digit of g?
4
What is the tens digit of ((-18)/15)/((-4)/110)?
3
Suppose 4*i = -4 - 4. Let o(m) = -3*m**2 - 2*m**3 - 5*m + 5*m. What is the units digit of o(i)?
4
Suppose -3*w - 1 = -10. What is the units digit of w?
3
Let t = 7 - 16. Let d = t + 12. Suppose -4*q + 4 = -3*s, -2*q + 4*s - d + 5 = 0. What is the units digit of q?
1
Let l(r) = -r**3 + 2*r**2 - 2*r - 1. Let g = 4 - 1. Let k be l(g). What is the units digit of -2 + 1/((-2)/k)?
6
Suppose -3*x = -3*y, 8 = 3*y - 4. Suppose -4*p + 35 = x*k - p, 1 = p. What is the units digit of k?
8
Suppose -2*o = -o - 7. Suppose 4*v - 31 = -o. What is the units digit of v?
6
Let b(i) = -i**3 - 2*i**2 + 2*i - 4. Let l be b(-3). Let u = -3 - l. What is the units digit of (-24)/(-4)*u/(-3)?
4
Let c = 80 - 77. What is the units digit of c?
3
Let r = 58 + -3. Suppose -3*a + r = 5*l, -59 + 9 = -4*a - 2*l. What is the units digit of a?
0
Let p(a) = 3*a**2 + 3*a + 3. Suppose -19 = -3*g - 5*c, -5*g = 5*c + 4 - 19. What is the units digit of p(g)?
9
Let r = 40 + -6. Let d = r + -16. What is the tens digit of d?
1
Let z(t) = 78*t + 12. What is the units digit of z(3)?
6
Let z be (-3 + (-1)/(-2))*-34. Suppose -z - 5 = -5*w. What is the units digit of w?
8
Let c(d) = d**3 + 2*d + 200. What is the units digit of c(0)?
0
Let d = -254 + 658. What is the tens digit of d?
0
Suppose 10 - 42 = -4*k. Suppose k*n = 4*n + 72. What is the tens digit of n?
1
Let t(g) be the second derivative of g**6/360 - g**5/60 - g**4/6 - 2*g. Let k(b) be the third derivative of t(b). What is the units digit of k(3)?
4
Suppose 0 = -8*j + 437 + 2259. What is the units digit of j?
7
Let h(u) = -u**2 + 5*u - 2. Let x be h(4). Suppose -x*r - 18 = 2*n, -r + 3 = 2*n + 8. Let y = -8 - r. What is the units digit of y?
5
Let p be (-4)/4 - (1 - 4). What is the units digit of 126/(-7)*(-1)/p?
9
Let u = -12 - -25. What is the units digit of u?
3
Let a(i) = 5*i - 7. Let j be a(5). What is the units digit of (-8)/(-36) - (-176)/j?
0
Let t = -6 + 11. Suppose t*l - 2*p = 12 + 8, 4*p + 16 = 4*l. Let m = -2 + l. What is the units digit of m?
2
Let j = 9 - 9. Suppose 5*q - 85 = -3*a, 4*a - 20 = -j. What is the units digit of q?
4
Suppose -2*v + 42 = 16. Suppose -v = -y - 1. What is the tens digit of y?
1
Let w be (2/(-3))/(4/(-18)). Suppose 4*h = 4*d, -3*h - 2 = w*d - 5*d. What is the units digit of (-1 - -3)*h/(-4)?
1
Let b = -15 - -25. What is the tens digit of b?
1
Let v = -97 - -51. Let k = v + 66. What is the units digit of k?
0
Let n be (5/3)/((-30)/(-36)). Suppose -n*d = 5*s + d - 66, 0 = -3*s + 5*d + 60. What is the units digit of s?
5
Let u(j) = -j**2 - 14*j + 8. What is the units digit of u(-13)?
1
Let g be 2/4 + (-18)/(-4). Suppose -3*q + q - 2*l + 40 = 0, -g*l - 19 = -2*q. What is the tens digit of q?
1
Let y(g) = g**2 + 6*g + 1. Suppose -2*h - 14 + 0 = 0. What is the units digit of y(h)?
8
Let w(r) = 7*r**2 + 14*r - 1. Let m(n) = n**2 + n + 1. Let p(t) = -6*m(t) + w(t). Let f(a) = -9*a**3 - a**2 + 1. Let g be f(1). What is the units digit of p(g)?
2
Let q = 3 + 31. What is the tens digit of q?
3
Let l be (-2)/6 - 264/(-9). Let i = l - 13. What is the units digit of i?
6
Suppose 0 = -0*y - y - 2. Let p be 15 + (y - -4) - 0. Let k = -5 + p. What is the tens digit of k?
1
Let w = -133 + 219. What is